{"id":865,"date":"2021-07-30T16:46:40","date_gmt":"2021-07-30T21:46:40","guid":{"rendered":"https:\/\/cotaesg.vip\/?page_id=865"},"modified":"2021-07-30T16:46:42","modified_gmt":"2021-07-30T21:46:42","slug":"fechas-importantes","status":"publish","type":"page","link":"https:\/\/cotaesg.vip\/?page_id=865","title":{"rendered":"Fechas importantes"},"content":{"rendered":"\n<p><strong>CREACI\u00d3N DE HECHO.<\/strong><\/p>\n\n\n\n<p>1971 Septiembre inicia matr\u00edculas. Jornada nocturna. <\/p>\n\n\n\n<p><strong>CREACI\u00d3N OFICIAL<\/strong>.<\/p>\n\n\n\n<p>Reg.Of. 107 del 21-07-1972 <\/p>\n\n\n\n<p><strong>INICIA JORNADA DIURNA.<\/strong><\/p>\n\n\n\n<p>1973. Convento de Padres Josefinos. <\/p>\n\n\n\n<p><strong>LOCAL ACTUAL.<\/strong><\/p>\n\n\n\n<p>1978. Inicia a\u00f1o escolar en su propio local.<\/p>\n","protected":false},"excerpt":{"rendered":"<p>CREACI\u00d3N DE HECHO. 1971 Septiembre inicia matr\u00edculas. Jornada nocturna. CREACI\u00d3N OFICIAL. Reg.Of. 107 del 21-07-1972&#8230;<\/p>\n","protected":false},"author":1,"featured_media":0,"parent":0,"menu_order":0,"comment_status":"closed","ping_status":"closed","template":"","meta":{"footnotes":""},"class_list":["post-865","page","type-page","status-publish","hentry"],"_links":{"self":[{"href":"https:\/\/cotaesg.vip\/index.php?rest_route=\/wp\/v2\/pages\/865","targetHints":{"allow":["GET"]}}],"collection":[{"href":"https:\/\/cotaesg.vip\/index.php?rest_route=\/wp\/v2\/pages"}],"about":[{"href":"https:\/\/cotaesg.vip\/index.php?rest_route=\/wp\/v2\/types\/page"}],"author":[{"embeddable":true,"href":"https:\/\/cotaesg.vip\/index.php?rest_route=\/wp\/v2\/users\/1"}],"replies":[{"embeddable":true,"href":"https:\/\/cotaesg.vip\/index.php?rest_route=%2Fwp%2Fv2%2Fcomments&post=865"}],"version-history":[{"count":1,"href":"https:\/\/cotaesg.vip\/index.php?rest_route=\/wp\/v2\/pages\/865\/revisions"}],"predecessor-version":[{"id":866,"href":"https:\/\/cotaesg.vip\/index.php?rest_route=\/wp\/v2\/pages\/865\/revisions\/866"}],"wp:attachment":[{"href":"https:\/\/cotaesg.vip\/index.php?rest_route=%2Fwp%2Fv2%2Fmedia&parent=865"}],"curies":[{"name":"wp","href":"https:\/\/api.w.org\/{rel}","templated":true}]}}